{"id":188,"date":"2023-03-22T14:16:59","date_gmt":"2023-03-22T14:16:59","guid":{"rendered":"https:\/\/simhateli.com\/?page_id=188"},"modified":"2023-05-30T13:59:35","modified_gmt":"2023-05-30T13:59:35","slug":"accueil","status":"publish","type":"page","link":"https:\/\/simhateli.com\/?page_id=188","title":{"rendered":"TEAM GIRL 6-12 ans"},"content":{"rendered":"<div class=\"nicepage-container\"><div class=\"\" style=\"\" >        <script>\n            (function ($) {\n                var ResponsiveCms = window.ResponsiveCms;\n                if (!ResponsiveCms) {\n                    return;\n                }\n                ResponsiveCms.contentDom = $('script:last').parent();\n                ResponsiveCms.prevMode = \"XL\";\n\n                if (typeof ResponsiveCms.recalcClasses === 'function') {\n                    ResponsiveCms.recalcClasses();\n                }\n            })(jQuery);\n        <\/script>\n        \n    \n    <section class=\"u-clearfix u-gradient u-section-2\" id=\"carousel_252c\">\n      <mci-extension id=\"overlay-root\"><\/mci-extension>\n      <mci-extension id=\"overlay-root\"><\/mci-extension>\n      <mci-extension id=\"overlay-root\"><\/mci-extension>\n      <mci-extension id=\"overlay-root\"><\/mci-extension>\n      <div class=\"u-container-style u-custom-color-9 u-expanded-width-xs u-group u-shape-rectangle u-group-1\">\n        <div class=\"u-container-layout u-container-layout-1\"><span class=\"u-icon u-text-white u-icon-1\"><svg class=\"u-svg-link\" preserveAspectRatio=\"xMidYMin slice\" viewBox=\"0 0 54.757 54.757\" style=\"\"><use xmlns:xlink=\"http:\/\/www.w3.org\/1999\/xlink\" xlink:href=\"#svg-6be7\"><\/use><\/svg><svg class=\"u-svg-content\" viewBox=\"0 0 54.757 54.757\" x=\"0px\" y=\"0px\" id=\"svg-6be7\" style=\"enable-background:new 0 0 54.757 54.757;\"><g><path d=\"M27.557,12c-3.859,0-7,3.141-7,7s3.141,7,7,7s7-3.141,7-7S31.416,12,27.557,12z M27.557,24c-2.757,0-5-2.243-5-5\n\t\ts2.243-5,5-5s5,2.243,5,5S30.314,24,27.557,24z\"><\/path><path d=\"M40.94,5.617C37.318,1.995,32.502,0,27.38,0c-5.123,0-9.938,1.995-13.56,5.617c-6.703,6.702-7.536,19.312-1.804,26.952\n\t\tL27.38,54.757L42.721,32.6C48.476,24.929,47.643,12.319,40.94,5.617z M41.099,31.431L27.38,51.243L13.639,31.4\n\t\tC8.44,24.468,9.185,13.08,15.235,7.031C18.479,3.787,22.792,2,27.38,2s8.901,1.787,12.146,5.031\n\t\tC45.576,13.08,46.321,24.468,41.099,31.431z\"><\/path>\n<\/g><\/svg><\/span>\n        <\/div>\n      <\/div>\n      <div class=\"u-clearfix u-gutter-30 u-layout-wrap u-layout-wrap-1\">\n        <div class=\"u-layout\">\n          <div class=\"u-layout-row\">\n            <div class=\"u-size-38\">\n              <div class=\"u-layout-col\">\n                <div class=\"u-container-style u-custom-color-2 u-layout-cell u-left-cell u-size-60 u-layout-cell-1\">\n                  <div class=\"u-container-layout u-container-layout-2\">\n                    <h1 class=\"u-custom-font u-font-georgia u-text u-text-body-color u-text-1\">Sejours Filles 6-12 ans&nbsp;<\/h1>\n                    <h2 class=\"u-custom-font u-font-georgia u-text u-text-default u-text-2\">Du 9 au 26 juillet<\/h2>\n                    <p class=\"u-text u-text-default u-text-3\"> Prix&nbsp;: 1090\u20ac +140\u20ac de transport&nbsp;<br>&nbsp;Adh\u00e9sion&nbsp;: 20\u20ac&nbsp;<br>Option karting&nbsp;: 90\u20ac&nbsp;&nbsp;<br>Bons et ch\u00e8ques vacances accept\u00e9s, paiement par CB \u00e0 distance&nbsp;<br>\n                    <\/p>\n                    <a href=\"https:\/\/simhateli.com\/?page_id=577\" class=\"u-btn u-button-style u-btn-1\" spellcheck=\"false\">Je veux m'inscrire<\/a>\n                    <mci-extension id=\"overlay-root\"><\/mci-extension>\n                    <mci-extension id=\"overlay-root\"><\/mci-extension>\n                    <mci-extension id=\"overlay-root\"><\/mci-extension>\n                  <\/div>\n                <\/div>\n              <\/div>\n            <\/div>\n            <div class=\"u-size-22\">\n              <div class=\"u-layout-col\">\n                <div class=\"u-container-style u-hidden-xs u-layout-cell u-right-cell u-size-30 u-layout-cell-2\">\n                  <div class=\"u-container-layout u-container-layout-3\">\n                    <h3 class=\"u-custom-font u-font-georgia u-text u-text-4\">SYBELLES<br>\n                      <span style=\"font-size: 1.5rem;\">SAINT JEAN D'ARVES<\/span>\n                      <br>\n                    <\/h3>\n                    <mci-extension id=\"overlay-root\"><\/mci-extension>\n                    <mci-extension id=\"overlay-root\"><\/mci-extension>\n                    <mci-extension id=\"overlay-root\"><\/mci-extension>\n                  <\/div>\n                <\/div>\n                <div class=\"u-container-style u-image u-layout-cell u-right-cell u-size-30 u-image-1\" data-image-width=\"1280\" data-image-height=\"960\" style=\"background-image: url(&quot;http:\/\/simhateli.com\/wp-content\/uploads\/2023\/04\/85795d661f7bfc71268b6320b9220fa01c54f18e95e89a30d555fee01828c2cb019764f8b047464ce31ff83eb6ca422ed520da6ee63fee4a24b912_1280.jpg&quot;);\">\n                  <div class=\"u-container-layout u-container-layout-4\"><\/div>\n                <\/div>\n              <\/div>\n            <\/div>\n          <\/div>\n        <\/div>\n      <\/div>\n      <h3 class=\"u-custom-font u-font-georgia u-hidden-lg u-hidden-md u-hidden-xl u-text u-text-5\" spellcheck=\"false\">\n        <span style=\"font-size: 1.875rem;\">SYBELLES&nbsp;<\/span>\n        <br>SAINT JEAN D'ARVES\n      <\/h3>\n      <h3 class=\"u-custom-font u-font-georgia u-text u-text-custom-color-2 u-text-6\"> Le \"prix tout compris\"<\/h3>\n      <div class=\"fr-view u-clearfix u-rich-text u-text u-text-7\">\n        <ul>\n          <li>\n            <span style=\"font-size: 1.25rem;\">Le transport en TGV<\/span>\n          <\/li>\n          <li>\n            <span style=\"font-size: 1.25rem;\">Transfert en navette privatis\u00e9e, &nbsp;<\/span>\n          <\/li>\n          <li>\n            <span style=\"font-size: 1.5rem;\">\n              <span style=\"font-size: 1.25rem;\">l\u2019h\u00e9bergement, &nbsp;<\/span>\n            <\/span>\n          <\/li>\n          <li>\n            <span style=\"font-size: 1.25rem;\">la pension compl\u00e8te Glatt cach\u00e8re,&nbsp;<\/span>\n          <\/li>\n          <li>\n            <span style=\"font-size: 1.25rem;\">l\u2019encadrement,&nbsp;<\/span>\n          <\/li>\n          <li>\n            <span style=\"font-size: 1.25rem;\">les activit\u00e9s,&nbsp;<\/span>\n          <\/li>\n          <li>\n            <span style=\"font-size: 1.25rem;\">l\u2019assurance RC.&nbsp;<\/span>\n          <\/li>\n        <\/ul>\n      <\/div>\n      <h3 class=\"u-custom-font u-font-georgia u-text u-text-custom-color-2 u-text-8\"><b>Le cadre de vie<\/b>\n      <\/h3>\n      <p class=\"u-align-justify-xs u-large-text u-text u-text-variant u-text-9\"> Situ\u00e9e en Savoie, Saint Jean d\u2019Arves nous accueille dans le domaine&nbsp;<b>des Sybelles<\/b>&nbsp;qui vous s\u00e9duira par la beaut\u00e9 de son cadre pr\u00e9serv\u00e9 en plein c\u0153ur de la Maurienne, ses paysages grandioses, ses panoramas \u00e0 360\u00b0, mais aussi par la diversit\u00e9 des activit\u00e9s.\n      <\/p>\n      <h3 class=\"u-custom-font u-font-georgia u-text u-text-custom-color-2 u-text-10\"><b>H\u00e9bergement&nbsp; <\/b>\n      <\/h3>\n      <p class=\"u-align-justify-xs u-large-text u-text u-text-variant u-text-11\"><b>\n          <span style=\"font-weight: 400;\">Dans un cadre<\/span>\n          <span style=\"font-weight: 400;\">convivial et confortable<\/span>\n          <span style=\"font-weight: 400;\">, le centre est compos\u00e9 de chambres de 2 \u00e0 5 lits tr\u00e8s confortables ainsi que plusieurs salles d\u2019activit\u00e9s, ping-pong, babyfoot et d\u2019une grande salle \u00e0<\/span>\n          <span style=\"font-weight: 400;\">manger<\/span>.&nbsp;<span style=\"font-weight: 400;\"><\/span>&nbsp;<u><\/u>&nbsp;<u><\/u><u><\/u>&nbsp;<\/b>\n      <\/p>\n      <h3 class=\"u-custom-font u-font-georgia u-text u-text-custom-color-2 u-text-12\"><b>Activit\u00e9s \u00e0 la carte&nbsp;<\/b><b><u><\/u>&nbsp; <\/b>\n      <\/h3>\n      <p class=\"u-align-justify-xs u-large-text u-text u-text-variant u-text-13\"><b>\n          <span style=\"font-weight: 400;\">Une belle ambiance pour vivre des vacances \"cool\" et \"d\u00e9tendues\".<u><\/u>&nbsp;<u><\/u>Tous les \u00e9l\u00e9ments pour une colo multi-Activit\u00e9s sont r\u00e9unis&nbsp;: Accrobranche, \n          <\/span>\n          <span style=\"font-weight: 400;\">Tennis, Equitation, Bowling, Visite de la Miellerie, Tir \u00e0 l\u2019arc...les enfants pourront choisir selon leur envies.<u><\/u>&nbsp;<u><\/u>Dans un havre de d\u00e9tente et de douceur dans un d\u00e9\n          <\/span>\n          <span style=\"font-weight: 400;\">cor d'eau et de verdure, nous profiterons de la base n<\/span>\n          <span style=\"font-weight: 400;\">autique pour faire du paddle, cano\u00eb kayak, p\u00e9dalo\u2026<u><\/u>&nbsp;<u><\/u>Sans oublier, les grands jeux de plein air qui seront \u00e9videmment au rendez vous ave\n          <\/span>\n          <span style=\"font-weight: 400;\">c une chasse au tr\u00e9sor extraordinaire, le tr\u00e8s attendu Color War, et nos fameux jeux&nbsp;: Pekin Express, Fort Boyard...et encore beaucoup de surprises.&nbsp;<\/span><u><\/u>&nbsp;<\/b>\n      <\/p>\n      <h3 class=\"u-custom-font u-font-georgia u-text u-text-custom-color-2 u-text-14\"><b>Les \u00ab&nbsp;Plus&nbsp;\u00bb :<\/b>\n      <\/h3>\n      <p class=\"u-align-justify-xs u-large-text u-text u-text-variant u-text-15\"><b>\n          <span style=\"font-weight: 400;\">Atelier th\u00e9\u00e2tre ou activit\u00e9s cr\u00e9atives, Atelier mise en beaut\u00e9, cours de danse, les enfants pourront se relaxer durant le kiff time.&nbsp;<u><\/u>&nbsp;<u><\/u>Notre chef cuistot nous pr\u00e9pare\n          <\/span>\n          <span style=\"font-weight: 400;\">une cuisine familiale et vari\u00e9e et nos repas \u00e0 th\u00e8me&nbsp;: italien, cr\u00eape party, Isra\u00e9lien, am\u00e9ricain, Chinois \u2026<u><\/u>&nbsp;<u><\/u>La journ\u00e9e n\u2019est pas termin\u00e9e, notre \u00e9quipe organise de nombreuses soir\u00e9es pour vous \u00e9clater, soyez pr\u00eate pour les soir\u00e9es casino, Soir\u00e9e Pub, d\u00e9fis, Coachella, Disney pour les tous petits.<u><\/u>&nbsp;\n          <\/span><\/b>\n      <\/p>\n      <mci-extension id=\"overlay-root\"><\/mci-extension>\n      <mci-extension id=\"overlay-root\"><\/mci-extension>\n      <mci-extension id=\"overlay-root\"><\/mci-extension>\n      <mci-extension id=\"overlay-root\"><\/mci-extension>\n      <mci-extension id=\"overlay-root\"><\/mci-extension>\n      <mci-extension id=\"overlay-root\"><\/mci-extension>\n      <mci-extension id=\"overlay-root\"><\/mci-extension>\n    <\/section>\n    <section class=\"u-clearfix u-container-align-center u-image u-section-3\" id=\"sec-64c4\" data-image-width=\"1024\" data-image-height=\"768\" style=\"background-image: url(&quot;http:\/\/simhateli.com\/wp-content\/uploads\/2023\/04\/58568f22-81ae-4a54-a00a-38b11d4471d82.jpg&quot;);\">\n      <div class=\"u-clearfix u-sheet u-sheet-1\"><\/div>\n    <\/section>\n    \n    \n    \n  \n<\/div><\/div>","protected":false},"excerpt":{"rendered":"<p>Sejours Filles 6-12 ans&nbsp; Du 9 au 26 juillet Prix&nbsp;: 1090\u20ac +140\u20ac de transport&nbsp;&nbsp;Adh\u00e9sion&nbsp;: 20\u20ac&nbsp;Option karting&nbsp;: 90\u20ac&nbsp;&nbsp;Bons et ch\u00e8ques vacances accept\u00e9s, paiement par CB \u00e0 distance&nbsp; Je veux m&rsquo;inscrire SYBELLES SAINT JEAN D&rsquo;ARVES SYBELLES&nbsp; SAINT JEAN D&rsquo;ARVES Le \u00ab\u00a0prix tout compris\u00a0\u00bb Le transport en TGV Transfert en navette privatis\u00e9e, &nbsp; l\u2019h\u00e9bergement, &nbsp; la pension compl\u00e8te &hellip;<\/p>\n<p class=\"read-more\"> <a class=\"\" href=\"https:\/\/simhateli.com\/?page_id=188\"> <span class=\"screen-reader-text\">TEAM GIRL 6-12 ans<\/span> Lire la suite\u00a0\u00bb<\/a><\/p>\n","protected":false},"author":1,"featured_media":0,"parent":0,"menu_order":3,"comment_status":"closed","ping_status":"closed","template":"","meta":{"_uag_custom_page_level_css":"","site-sidebar-layout":"default","site-content-layout":"default","ast-global-header-display":"","ast-main-header-display":"","ast-hfb-above-header-display":"","ast-hfb-below-header-display":"","ast-hfb-mobile-header-display":"","site-post-title":"","ast-breadcrumbs-content":"","ast-featured-img":"","footer-sml-layout":"","theme-transparent-header-meta":"default","adv-header-id-meta":"","stick-header-meta":"","header-above-stick-meta":"","header-main-stick-meta":"","header-below-stick-meta":""},"yoast_head":"<!-- This site is optimized with the Yoast SEO plugin v20.7 - https:\/\/yoast.com\/wordpress\/plugins\/seo\/ -->\n<title>TEAM GIRL 6-12 ans - Accueil<\/title>\n<meta name=\"robots\" content=\"index, follow, max-snippet:-1, max-image-preview:large, max-video-preview:-1\" \/>\n<link rel=\"canonical\" href=\"https:\/\/simhateli.com\/?page_id=188\" \/>\n<meta property=\"og:locale\" content=\"fr_FR\" \/>\n<meta property=\"og:type\" content=\"article\" \/>\n<meta property=\"og:title\" content=\"TEAM GIRL 6-12 ans - Accueil\" \/>\n<meta property=\"og:description\" content=\"Sejours Filles 6-12 ans&nbsp; Du 9 au 26 juillet Prix&nbsp;: 1090\u20ac +140\u20ac de transport&nbsp;&nbsp;Adh\u00e9sion&nbsp;: 20\u20ac&nbsp;Option karting&nbsp;: 90\u20ac&nbsp;&nbsp;Bons et ch\u00e8ques vacances accept\u00e9s, paiement par CB \u00e0 distance&nbsp; Je veux m&#039;inscrire SYBELLES SAINT JEAN D&#039;ARVES SYBELLES&nbsp; SAINT JEAN D&#039;ARVES Le &quot;prix tout compris&quot; Le transport en TGV Transfert en navette privatis\u00e9e, &nbsp; l\u2019h\u00e9bergement, &nbsp; la pension compl\u00e8te &hellip; TEAM GIRL 6-12 ans Lire la suite\u00a0\u00bb\" \/>\n<meta property=\"og:url\" content=\"https:\/\/simhateli.com\/?page_id=188\" \/>\n<meta property=\"og:site_name\" content=\"Accueil\" \/>\n<meta property=\"article:modified_time\" content=\"2023-05-30T13:59:35+00:00\" \/>\n<meta name=\"twitter:card\" content=\"summary_large_image\" \/>\n<meta name=\"twitter:label1\" content=\"Dur\u00e9e de lecture estim\u00e9e\" \/>\n\t<meta name=\"twitter:data1\" content=\"2 minutes\" \/>\n<script type=\"application\/ld+json\" class=\"yoast-schema-graph\">{\"@context\":\"https:\/\/schema.org\",\"@graph\":[{\"@type\":\"WebPage\",\"@id\":\"https:\/\/simhateli.com\/?page_id=188\",\"url\":\"https:\/\/simhateli.com\/?page_id=188\",\"name\":\"TEAM GIRL 6-12 ans - Accueil\",\"isPartOf\":{\"@id\":\"https:\/\/simhateli.com\/#website\"},\"datePublished\":\"2023-03-22T14:16:59+00:00\",\"dateModified\":\"2023-05-30T13:59:35+00:00\",\"breadcrumb\":{\"@id\":\"https:\/\/simhateli.com\/?page_id=188#breadcrumb\"},\"inLanguage\":\"fr-FR\",\"potentialAction\":[{\"@type\":\"ReadAction\",\"target\":[\"https:\/\/simhateli.com\/?page_id=188\"]}]},{\"@type\":\"BreadcrumbList\",\"@id\":\"https:\/\/simhateli.com\/?page_id=188#breadcrumb\",\"itemListElement\":[{\"@type\":\"ListItem\",\"position\":1,\"name\":\"Accueil\",\"item\":\"https:\/\/simhateli.com\/\"},{\"@type\":\"ListItem\",\"position\":2,\"name\":\"TEAM GIRL 6-12 ans\"}]},{\"@type\":\"WebSite\",\"@id\":\"https:\/\/simhateli.com\/#website\",\"url\":\"https:\/\/simhateli.com\/\",\"name\":\"Accueil\",\"description\":\"\",\"publisher\":{\"@id\":\"https:\/\/simhateli.com\/#organization\"},\"potentialAction\":[{\"@type\":\"SearchAction\",\"target\":{\"@type\":\"EntryPoint\",\"urlTemplate\":\"https:\/\/simhateli.com\/?s={search_term_string}\"},\"query-input\":\"required name=search_term_string\"}],\"inLanguage\":\"fr-FR\"},{\"@type\":\"Organization\",\"@id\":\"https:\/\/simhateli.com\/#organization\",\"name\":\"Accueil\",\"url\":\"https:\/\/simhateli.com\/\",\"logo\":{\"@type\":\"ImageObject\",\"inLanguage\":\"fr-FR\",\"@id\":\"https:\/\/simhateli.com\/#\/schema\/logo\/image\/\",\"url\":\"https:\/\/simhateli.com\/wp-content\/uploads\/2023\/03\/Sans-titre-2.png\",\"contentUrl\":\"https:\/\/simhateli.com\/wp-content\/uploads\/2023\/03\/Sans-titre-2.png\",\"width\":2479,\"height\":3507,\"caption\":\"Accueil\"},\"image\":{\"@id\":\"https:\/\/simhateli.com\/#\/schema\/logo\/image\/\"}}]}<\/script>\n<!-- \/ Yoast SEO plugin. -->","yoast_head_json":{"title":"TEAM GIRL 6-12 ans - Accueil","robots":{"index":"index","follow":"follow","max-snippet":"max-snippet:-1","max-image-preview":"max-image-preview:large","max-video-preview":"max-video-preview:-1"},"canonical":"https:\/\/simhateli.com\/?page_id=188","og_locale":"fr_FR","og_type":"article","og_title":"TEAM GIRL 6-12 ans - Accueil","og_description":"Sejours Filles 6-12 ans&nbsp; Du 9 au 26 juillet Prix&nbsp;: 1090\u20ac +140\u20ac de transport&nbsp;&nbsp;Adh\u00e9sion&nbsp;: 20\u20ac&nbsp;Option karting&nbsp;: 90\u20ac&nbsp;&nbsp;Bons et ch\u00e8ques vacances accept\u00e9s, paiement par CB \u00e0 distance&nbsp; Je veux m'inscrire SYBELLES SAINT JEAN D'ARVES SYBELLES&nbsp; SAINT JEAN D'ARVES Le \"prix tout compris\" Le transport en TGV Transfert en navette privatis\u00e9e, &nbsp; l\u2019h\u00e9bergement, &nbsp; la pension compl\u00e8te &hellip; TEAM GIRL 6-12 ans Lire la suite\u00a0\u00bb","og_url":"https:\/\/simhateli.com\/?page_id=188","og_site_name":"Accueil","article_modified_time":"2023-05-30T13:59:35+00:00","twitter_card":"summary_large_image","twitter_misc":{"Dur\u00e9e de lecture estim\u00e9e":"2 minutes"},"schema":{"@context":"https:\/\/schema.org","@graph":[{"@type":"WebPage","@id":"https:\/\/simhateli.com\/?page_id=188","url":"https:\/\/simhateli.com\/?page_id=188","name":"TEAM GIRL 6-12 ans - Accueil","isPartOf":{"@id":"https:\/\/simhateli.com\/#website"},"datePublished":"2023-03-22T14:16:59+00:00","dateModified":"2023-05-30T13:59:35+00:00","breadcrumb":{"@id":"https:\/\/simhateli.com\/?page_id=188#breadcrumb"},"inLanguage":"fr-FR","potentialAction":[{"@type":"ReadAction","target":["https:\/\/simhateli.com\/?page_id=188"]}]},{"@type":"BreadcrumbList","@id":"https:\/\/simhateli.com\/?page_id=188#breadcrumb","itemListElement":[{"@type":"ListItem","position":1,"name":"Accueil","item":"https:\/\/simhateli.com\/"},{"@type":"ListItem","position":2,"name":"TEAM GIRL 6-12 ans"}]},{"@type":"WebSite","@id":"https:\/\/simhateli.com\/#website","url":"https:\/\/simhateli.com\/","name":"Accueil","description":"","publisher":{"@id":"https:\/\/simhateli.com\/#organization"},"potentialAction":[{"@type":"SearchAction","target":{"@type":"EntryPoint","urlTemplate":"https:\/\/simhateli.com\/?s={search_term_string}"},"query-input":"required name=search_term_string"}],"inLanguage":"fr-FR"},{"@type":"Organization","@id":"https:\/\/simhateli.com\/#organization","name":"Accueil","url":"https:\/\/simhateli.com\/","logo":{"@type":"ImageObject","inLanguage":"fr-FR","@id":"https:\/\/simhateli.com\/#\/schema\/logo\/image\/","url":"https:\/\/simhateli.com\/wp-content\/uploads\/2023\/03\/Sans-titre-2.png","contentUrl":"https:\/\/simhateli.com\/wp-content\/uploads\/2023\/03\/Sans-titre-2.png","width":2479,"height":3507,"caption":"Accueil"},"image":{"@id":"https:\/\/simhateli.com\/#\/schema\/logo\/image\/"}}]}},"uagb_featured_image_src":{"full":false,"thumbnail":false,"medium":false,"medium_large":false,"large":false,"1536x1536":false,"2048x2048":false,"woocommerce_thumbnail":false,"woocommerce_single":false,"woocommerce_gallery_thumbnail":false},"uagb_author_info":{"display_name":"evahassine30@gmail.com","author_link":"https:\/\/simhateli.com\/?author=1"},"uagb_comment_info":0,"uagb_excerpt":"Sejours Filles 6-12 ans&nbsp; Du 9 au 26 juillet Prix&nbsp;: 1090\u20ac +140\u20ac de transport&nbsp;&nbsp;Adh\u00e9sion&nbsp;: 20\u20ac&nbsp;Option karting&nbsp;: 90\u20ac&nbsp;&nbsp;Bons et ch\u00e8ques vacances accept\u00e9s, paiement par CB \u00e0 distance&nbsp; Je veux m'inscrire SYBELLES SAINT JEAN D'ARVES SYBELLES&nbsp; SAINT JEAN D'ARVES Le \"prix tout compris\" Le transport en TGV Transfert en navette privatis\u00e9e, &nbsp; l\u2019h\u00e9bergement, &nbsp; la pension compl\u00e8te\u2026","_links":{"self":[{"href":"https:\/\/simhateli.com\/index.php?rest_route=\/wp\/v2\/pages\/188"}],"collection":[{"href":"https:\/\/simhateli.com\/index.php?rest_route=\/wp\/v2\/pages"}],"about":[{"href":"https:\/\/simhateli.com\/index.php?rest_route=\/wp\/v2\/types\/page"}],"author":[{"embeddable":true,"href":"https:\/\/simhateli.com\/index.php?rest_route=\/wp\/v2\/users\/1"}],"replies":[{"embeddable":true,"href":"https:\/\/simhateli.com\/index.php?rest_route=%2Fwp%2Fv2%2Fcomments&post=188"}],"version-history":[{"count":38,"href":"https:\/\/simhateli.com\/index.php?rest_route=\/wp\/v2\/pages\/188\/revisions"}],"predecessor-version":[{"id":724,"href":"https:\/\/simhateli.com\/index.php?rest_route=\/wp\/v2\/pages\/188\/revisions\/724"}],"wp:attachment":[{"href":"https:\/\/simhateli.com\/index.php?rest_route=%2Fwp%2Fv2%2Fmedia&parent=188"}],"curies":[{"name":"wp","href":"https:\/\/api.w.org\/{rel}","templated":true}]}}